{"id":612,"date":"2018-03-31T14:10:46","date_gmt":"2018-03-31T14:10:46","guid":{"rendered":"http:\/\/lobminger-musi.at\/?page_id=612"},"modified":"2018-06-24T19:29:55","modified_gmt":"2018-06-24T19:29:55","slug":"bewusstseinsbildung-alkoholkonsum-strategie-der-lobminger-ortsmusik","status":"publish","type":"page","link":"https:\/\/lobminger-musi.at\/index.php\/bewusstseinsbildung-alkoholkonsum-strategie-der-lobminger-ortsmusik\/","title":{"rendered":"Bewusstseinsbildung Alkoholkonsum \u2013 Strategie der Lobminger Ortsmusik"},"content":{"rendered":"<p><img loading=\"lazy\" class=\"\" src=\"http:\/\/www.mehr-vom-leben.jetzt\/wp-content\/themes\/mehrvomleben\/images\/logo.svg\" alt=\"Weniger Alkohol \u2013 Mehr vom Leben Logo\" width=\"108\" height=\"113\"><\/p>\n<p>Die Lobminger Ortsmusik bekennt sich zu Ihrer Verantwortung, in ihrem Wirkungskreis zur F\u00f6rderung eines verantwortungsbewussten Umgangs mit Alkohol in der Gesellschaft beizutragen. Daher nimmt sie an der Aktion \u201e<a href=\"http:\/\/www.mehr-vom-leben.jetzt\/\">Weniger Alkohol \u2013 Mehr vom Leben\u201c<\/a> des Landes Steiermark teil. Unser Projekt \u201eBewusstseinsbildung Alkoholkonsum \u2013 Strategie der Lobminger Ortsmusik\u201c baut auf vier <strong>S\u00e4ulen<\/strong> auf, die dauerhaft im Verein verankert werden sollen:<\/p>\n<p>1. St\u00e4rkung des Problembewusstseins durch Dialog<\/p>\n<p>2. Verankerung im Verein durch die Entwicklung einer Vereinsvereinbarung (verf\u00fcgbar Ende 2018)<\/p>\n<p>3. \u00d6ffentlichkeitsarbeit<\/p>\n<p>4. Strategie bei eigenen Veranstaltung<\/p>\n<p>Diese S\u00e4ulen sollen zur Erreichung folgender <strong>Ziele<\/strong> beitragen:<\/p>\n<p>1. Fortf\u00fchrung des Diskurses \u00fcber verantwortungsbewussten Alkoholkonsum unter Vereinsmitgliedern und im weiteren Wirkungsbereich<\/p>\n<p>2. Engagement bei Vorf\u00e4llen mit \u00fcberm\u00e4\u00dfigem Alkoholkonsum bei eigenen Mitgliedern<\/p>\n<p>3. Dauerhafte Verankerung der Stratgie im Vereinsleben.<\/p>\n<p>Wir stellen unser Strategie unter das Motto &#8222;Aufspielen statt Umblasen&#8220;.<\/p>\n<p><img loading=\"lazy\" class=\"alignnone wp-image-622 size-large\" src=\"http:\/\/lobminger-musi.at\/wp-content\/uploads\/2018\/03\/Aufspielen_statt_Umblasen_k-768x1024.jpg\" alt=\"\" width=\"525\" height=\"700\" srcset=\"https:\/\/lobminger-musi.at\/wp-content\/uploads\/2018\/03\/Aufspielen_statt_Umblasen_k-768x1024.jpg 768w, https:\/\/lobminger-musi.at\/wp-content\/uploads\/2018\/03\/Aufspielen_statt_Umblasen_k-225x300.jpg 225w, https:\/\/lobminger-musi.at\/wp-content\/uploads\/2018\/03\/Aufspielen_statt_Umblasen_k.jpg 1125w\" sizes=\"(max-width: 525px) 100vw, 525px\" \/><\/p>\n<figure id=\"attachment_633\" aria-describedby=\"caption-attachment-633\" style=\"width: 525px\" class=\"wp-caption alignnone\"><img loading=\"lazy\" class=\"wp-image-633 size-large\" src=\"http:\/\/lobminger-musi.at\/wp-content\/uploads\/2018\/03\/Urkunde-768x1024.jpg\" alt=\"\" width=\"525\" height=\"700\" srcset=\"https:\/\/lobminger-musi.at\/wp-content\/uploads\/2018\/03\/Urkunde-768x1024.jpg 768w, https:\/\/lobminger-musi.at\/wp-content\/uploads\/2018\/03\/Urkunde-225x300.jpg 225w\" sizes=\"(max-width: 525px) 100vw, 525px\" \/><figcaption id=\"caption-attachment-633\" class=\"wp-caption-text\">dav<\/figcaption><\/figure>\n","protected":false},"excerpt":{"rendered":"<p>Die Lobminger Ortsmusik bekennt sich zu Ihrer Verantwortung, in ihrem Wirkungskreis zur F\u00f6rderung eines verantwortungsbewussten Umgangs mit Alkohol in der Gesellschaft beizutragen. Daher nimmt sie an der Aktion \u201eWeniger Alkohol \u2013 Mehr vom Leben\u201c des Landes Steiermark teil. Unser Projekt \u201eBewusstseinsbildung Alkoholkonsum \u2013 Strategie der Lobminger Ortsmusik\u201c baut auf vier S\u00e4ulen auf, die dauerhaft im &hellip; <\/p>\n<p class=\"link-more\"><a href=\"https:\/\/lobminger-musi.at\/index.php\/bewusstseinsbildung-alkoholkonsum-strategie-der-lobminger-ortsmusik\/\" class=\"more-link\"><span class=\"screen-reader-text\">\u201eBewusstseinsbildung Alkoholkonsum \u2013 Strategie der Lobminger Ortsmusik\u201c <\/span>weiterlesen<\/a><\/p>\n","protected":false},"author":1,"featured_media":0,"parent":0,"menu_order":0,"comment_status":"closed","ping_status":"closed","template":"","meta":{"ngg_post_thumbnail":0},"_links":{"self":[{"href":"https:\/\/lobminger-musi.at\/index.php\/wp-json\/wp\/v2\/pages\/612"}],"collection":[{"href":"https:\/\/lobminger-musi.at\/index.php\/wp-json\/wp\/v2\/pages"}],"about":[{"href":"https:\/\/lobminger-musi.at\/index.php\/wp-json\/wp\/v2\/types\/page"}],"author":[{"embeddable":true,"href":"https:\/\/lobminger-musi.at\/index.php\/wp-json\/wp\/v2\/users\/1"}],"replies":[{"embeddable":true,"href":"https:\/\/lobminger-musi.at\/index.php\/wp-json\/wp\/v2\/comments?post=612"}],"version-history":[{"count":7,"href":"https:\/\/lobminger-musi.at\/index.php\/wp-json\/wp\/v2\/pages\/612\/revisions"}],"predecessor-version":[{"id":634,"href":"https:\/\/lobminger-musi.at\/index.php\/wp-json\/wp\/v2\/pages\/612\/revisions\/634"}],"wp:attachment":[{"href":"https:\/\/lobminger-musi.at\/index.php\/wp-json\/wp\/v2\/media?parent=612"}],"curies":[{"name":"wp","href":"https:\/\/api.w.org\/{rel}","templated":true}]}}