{"id":7,"date":"2017-04-19T20:37:13","date_gmt":"2017-04-19T20:37:13","guid":{"rendered":"http:\/\/lobminger-musi.at\/?page_id=7"},"modified":"2025-05-16T10:25:53","modified_gmt":"2025-05-16T10:25:53","slug":"startseite","status":"publish","type":"page","link":"https:\/\/lobminger-musi.at\/","title":{"rendered":""},"content":{"rendered":"<h1 style=\"text-align: left;\"><img loading=\"lazy\" class=\"alignleft wp-image-64\" src=\"http:\/\/lobminger-musi.at\/wp-content\/uploads\/2017\/04\/wappen1-260x300.jpg\" alt=\"\" width=\"120\" height=\"138\" srcset=\"https:\/\/lobminger-musi.at\/wp-content\/uploads\/2017\/04\/wappen1-260x300.jpg 260w, https:\/\/lobminger-musi.at\/wp-content\/uploads\/2017\/04\/wappen1.jpg 590w\" sizes=\"(max-width: 120px) 100vw, 120px\" \/>Herzlich willkommen bei der Lobminger Musi &#8211;&nbsp;&nbsp;&nbsp;&nbsp;&nbsp;&nbsp;&nbsp;&nbsp;&nbsp; Kulturtr\u00e4ger seit 1932!<\/h1>\n<p><span style=\"color: #ffffff;\">.<\/span><\/p>\n<p style=\"text-align: left;\"><strong>&nbsp;<\/strong><\/p>\n<p style=\"text-align: left;\">&nbsp;<\/p>\n<p style=\"text-align: left;\">Die Lobminger Musi wird von den Musikerinnen und Musikern, privaten G\u00f6nnerinnen und G\u00f6nnern, der Gemeinde St.Stefan und dem Land Steiermark finanziell unterst\u00fctzt.<\/p>\n<p style=\"text-align: left;\"><img loading=\"lazy\" class=\"alignnone wp-image-665 size-medium\" src=\"http:\/\/lobminger-musi.at\/wp-content\/uploads\/2017\/04\/A9_Kultur_Europa_Au\u00dfenbeziehungen_RGB-300x201.jpg\" alt=\"\" width=\"300\" height=\"201\" srcset=\"https:\/\/lobminger-musi.at\/wp-content\/uploads\/2017\/04\/A9_Kultur_Europa_Au\u00dfenbeziehungen_RGB-300x201.jpg 300w, https:\/\/lobminger-musi.at\/wp-content\/uploads\/2017\/04\/A9_Kultur_Europa_Au\u00dfenbeziehungen_RGB-768x516.jpg 768w, https:\/\/lobminger-musi.at\/wp-content\/uploads\/2017\/04\/A9_Kultur_Europa_Au\u00dfenbeziehungen_RGB-1024x687.jpg 1024w, https:\/\/lobminger-musi.at\/wp-content\/uploads\/2017\/04\/A9_Kultur_Europa_Au\u00dfenbeziehungen_RGB.jpg 1771w\" sizes=\"(max-width: 300px) 100vw, 300px\" \/><img loading=\"lazy\" class=\"alignnone wp-image-666\" src=\"http:\/\/lobminger-musi.at\/wp-content\/uploads\/2017\/04\/1280px-AUT_Sankt_Stefan_ob_Leoben_COA-248x300.png\" alt=\"\" width=\"150\" height=\"181\" srcset=\"https:\/\/lobminger-musi.at\/wp-content\/uploads\/2017\/04\/1280px-AUT_Sankt_Stefan_ob_Leoben_COA-248x300.png 248w, https:\/\/lobminger-musi.at\/wp-content\/uploads\/2017\/04\/1280px-AUT_Sankt_Stefan_ob_Leoben_COA-768x928.png 768w, https:\/\/lobminger-musi.at\/wp-content\/uploads\/2017\/04\/1280px-AUT_Sankt_Stefan_ob_Leoben_COA-847x1024.png 847w, https:\/\/lobminger-musi.at\/wp-content\/uploads\/2017\/04\/1280px-AUT_Sankt_Stefan_ob_Leoben_COA.png 1280w\" sizes=\"(max-width: 150px) 100vw, 150px\" \/><\/p>\n","protected":false},"excerpt":{"rendered":"<p>Herzlich willkommen bei der Lobminger Musi &#8211;&nbsp;&nbsp;&nbsp;&nbsp;&nbsp;&nbsp;&nbsp;&nbsp;&nbsp; Kulturtr\u00e4ger seit 1932! . &nbsp; &nbsp; Die Lobminger Musi wird von den Musikerinnen und Musikern, privaten G\u00f6nnerinnen und G\u00f6nnern, der Gemeinde St.Stefan und dem Land Steiermark finanziell unterst\u00fctzt.<\/p>\n","protected":false},"author":1,"featured_media":0,"parent":0,"menu_order":0,"comment_status":"closed","ping_status":"closed","template":"","meta":{"ngg_post_thumbnail":0},"_links":{"self":[{"href":"https:\/\/lobminger-musi.at\/index.php\/wp-json\/wp\/v2\/pages\/7"}],"collection":[{"href":"https:\/\/lobminger-musi.at\/index.php\/wp-json\/wp\/v2\/pages"}],"about":[{"href":"https:\/\/lobminger-musi.at\/index.php\/wp-json\/wp\/v2\/types\/page"}],"author":[{"embeddable":true,"href":"https:\/\/lobminger-musi.at\/index.php\/wp-json\/wp\/v2\/users\/1"}],"replies":[{"embeddable":true,"href":"https:\/\/lobminger-musi.at\/index.php\/wp-json\/wp\/v2\/comments?post=7"}],"version-history":[{"count":47,"href":"https:\/\/lobminger-musi.at\/index.php\/wp-json\/wp\/v2\/pages\/7\/revisions"}],"predecessor-version":[{"id":797,"href":"https:\/\/lobminger-musi.at\/index.php\/wp-json\/wp\/v2\/pages\/7\/revisions\/797"}],"wp:attachment":[{"href":"https:\/\/lobminger-musi.at\/index.php\/wp-json\/wp\/v2\/media?parent=7"}],"curies":[{"name":"wp","href":"https:\/\/api.w.org\/{rel}","templated":true}]}}

<h1 style="text-align: left;"><img loading="lazy" class="alignleft wp-image-64" src="http://lobminger-musi.at/wp-content/uploads/2017/04/wappen1-260x300.jpg" alt="" width="120" height="138" srcset="https://lobminger-musi.at/wp-content/uploads/2017/04/wappen1-260x300.jpg 260w, https://lobminger-musi.at/wp-content/uploads/2017/04/wappen1.jpg 590w" sizes="(max-width: 120px) 100vw, 120px" />Herzlich willkommen bei der Lobminger Musi &#8211;&nbsp;&nbsp;&nbsp;&nbsp;&nbsp;&nbsp;&nbsp;&nbsp;&nbsp; Kulturträger seit 1932!</h1>
<p><span style="color: #ffffff;">.</span></p>
<p style="text-align: left;"><strong>&nbsp;</strong></p>
<p style="text-align: left;">&nbsp;</p>
<p style="text-align: left;">Die Lobminger Musi wird von den Musikerinnen und Musikern, privaten Gönnerinnen und Gönnern, der Gemeinde St.Stefan und dem Land Steiermark finanziell unterstützt.</p>
<p style="text-align: left;"><img loading="lazy" class="alignnone wp-image-665 size-medium" src="http://lobminger-musi.at/wp-content/uploads/2017/04/A9_Kultur_Europa_Außenbeziehungen_RGB-300x201.jpg" alt="" width="300" height="201" srcset="https://lobminger-musi.at/wp-content/uploads/2017/04/A9_Kultur_Europa_Außenbeziehungen_RGB-300x201.jpg 300w, https://lobminger-musi.at/wp-content/uploads/2017/04/A9_Kultur_Europa_Außenbeziehungen_RGB-768x516.jpg 768w, https://lobminger-musi.at/wp-content/uploads/2017/04/A9_Kultur_Europa_Außenbeziehungen_RGB-1024x687.jpg 1024w, https://lobminger-musi.at/wp-content/uploads/2017/04/A9_Kultur_Europa_Außenbeziehungen_RGB.jpg 1771w" sizes="(max-width: 300px) 100vw, 300px" /><img loading="lazy" class="alignnone wp-image-666" src="http://lobminger-musi.at/wp-content/uploads/2017/04/1280px-AUT_Sankt_Stefan_ob_Leoben_COA-248x300.png" alt="" width="150" height="181" srcset="https://lobminger-musi.at/wp-content/uploads/2017/04/1280px-AUT_Sankt_Stefan_ob_Leoben_COA-248x300.png 248w, https://lobminger-musi.at/wp-content/uploads/2017/04/1280px-AUT_Sankt_Stefan_ob_Leoben_COA-768x928.png 768w, https://lobminger-musi.at/wp-content/uploads/2017/04/1280px-AUT_Sankt_Stefan_ob_Leoben_COA-847x1024.png 847w, https://lobminger-musi.at/wp-content/uploads/2017/04/1280px-AUT_Sankt_Stefan_ob_Leoben_COA.png 1280w" sizes="(max-width: 150px) 100vw, 150px" /></p>

<p>Herzlich willkommen bei der Lobminger Musi &#8211;&nbsp;&nbsp;&nbsp;&nbsp;&nbsp;&nbsp;&nbsp;&nbsp;&nbsp; Kulturträger seit 1932! . &nbsp; &nbsp; Die Lobminger Musi wird von den Musikerinnen und Musikern, privaten Gönnerinnen und Gönnern, der Gemeinde St.Stefan und dem Land Steiermark finanziell unterstützt.</p>
